ue
Suppose 2*u + 2*t + 1031 = t, 0 = -2*u - 3*t - 1021. Let k = u - -781. Is k composite?
False
Is (((-1142)/(-8))/(-1))/((-3)/12) composite?
False
Suppose -2*a = -3*a + 141. Suppose 0 = 5*b + 43 - 438. Suppose b = 4*o - a. Is o a composite number?
True
Let a(p) = -p**2 - 3*p. Let g be a(-3). Suppose g*x - x + 2 = 0. Suppose 158 = x*k + 28. Is k a composite number?
True
Suppose 27 = -0*p + 3*p. Let m(t) = -180*t + 2. Let a(f) = 90*f - 1. Let o(b) = p*a(b) + 4*m(b). Is o(1) a prime number?
True
Let w be (-2 + 4 - -49)*1. Suppose 0*p = 5*p - 4*s - w, 3*p + s = 17. Let o = p + 6. Is o a prime number?
True
Let w = 169 - 101. Suppose 50 = -h - 5*b, 3*h - 5*b = -w - 22. Is -2*(h/2 + 1) a prime number?
False
Let s(z) = z**3 + z**2 - 2. Let p be s(-2). Let x(l) = -23*l + 5. Is x(p) a composite number?
True
Let p(d) = -17*d**3 - 3*d**2 - 3*d + 4. Is p(-3) a composite number?
True
Is (-1)/(((-3)/3165 - -2) + -2) composite?
True
Suppose -7*j = -13*j + 11418. Is j a prime number?
False
Suppose n - f - 1317 = 0, 0*n - 5*n = 5*f - 6605. Is n a prime number?
True
Is (-198)/(-2) - (-4 + 12)/4 prime?
True
Let j = 2839 + -1725. Is j prime?
False
Let h(x) = x - x - 39*x. Let k be h(-1). Is 2 + -2 + -2 + k composite?
False
Suppose 5 + 4 = 4*v - a, 0 = -3*v + 2*a + 8. Suppose v*o + 0*o + 3*g - 1286 = 0, o = 2*g + 636. Is (-2)/6 - o/(-12) a prime number?
True
Let f(w) = -w - 6. Let t be f(-9). Suppose t*k = -5*y + y + 209, -2*y = -k - 107. Is y composite?
False
Let v be 2/(-9) + 6/27. Suppose v = -r - 5*b + 13, 3*r - 12 = r - 3*b. Suppose -4*o - 37 = -3*z, 0 = 2*z - r*o - 3 - 23. Is z a composite number?
False
Suppose 2*q + i = -0*q - 198, 198 = -2*q - 2*i. Let s = q + 142. Is s prime?
True
Let f be (3 + 169)/(-1 - -2). Suppose g + 2*l - 33 = f, -6 = 2*l. Is g prime?
True
Is ((-6)/4)/(21/(-826)) a composite number?
False
Suppose 0 = 4*i + 276 - 64. Let n be 7/2 + 1/(-2). Is 0/(n + -4) - i prime?
True
Suppose -2*j - 3*m + 1893 = 0, -2*j - m + 1899 = -0*j. Is j composite?
True
Suppose -2*s + 112 = -6*s. Let p = 19 - s. Is p prime?
True
Suppose -2*j + 10 = 4*z, -10 = -z - 0*z - 2*j. Suppose -230 = -z*o - 2*o. Is o a composite number?
True
Let c = -128 + 83. Let b = 114 + c. Is b prime?
False
Suppose 0 = 3*m + 6*y - 5*y - 9, -2*y + 8 = m. Suppose m*c - 26 - 52 = 0. Is c a composite number?
True
Let c(v) = v**3 + 14*v**2 - v - 1. Is c(-6) a prime number?
True
Let g(p) = 43*p**2 - p + 3. Is g(-3) prime?
False
Let r be (8/(-6))/((-4)/726). Let h be (-1)/(-3) + r/(-6). Is (7/2)/((-10)/h) a composite number?
True
Let v = 0 + 20. Suppose -v = -h + 38. Is h prime?
False
Let h = -174 + 391. Is h prime?
False
Suppose -2 = -x + n, 5*x - 3*n + 7 - 19 = 0. Suppose -l + 100 = x*l. Let s = l - -10. Is s a composite number?
True
Let n be 7 + (2 + -8)/3. Suppose 389 = n*c - 4*u, 2*c - 3*c + 79 = -2*u. Is c composite?
True
Let d = -10 + 15. Suppose 7*u = 2*u - d. Is u/((1 - -2)/(-6)) a prime number?
True
Let u(a) = a + 3. Let w(f) = f. Let t(v) = u(v) - 6*w(v). Let p be t(4). Let n = 16 - p. Is n a composite number?
True
Let r(x) = x**2 + x - 3. Let n be r(-3). Suppose -n*q = d - 35, -96 - 55 = -4*d - q. Suppose -5*j + d + 17 = 0. Is j prime?
True
Let k = -6 - -11. Suppose -6*h - 321 = -3*m - 2*h, -m = k*h - 88. Is m a prime number?
True
Suppose 1377 - 14543 = -5*i - w, -5*i = -3*w - 13162. Is i a prime number?
True
Suppose -4*q + 39 = -1. Is q a prime number?
False
Suppose -2*k + 42 = 2. Suppose -6*p + k = -p. Suppose -p = -4*t, 4*s - 280 = t + 3. Is s a composite number?
False
Let g = 117 + -64. Let f(l) = -l + 4. Let d be f(2). Suppose g = d*q - q. Is q prime?
True
Let k(g) = -g**3 - 15*g**2 - 3*g - 9. Let s be (4/(-3))/(1/12). Is k(s) composite?
True
Let h(j) = j**3 - 6*j**2 - j + 6. Let c be h(6). Let o be (2 - c) + 9/1. Suppose -o - 11 = -d. Is d prime?
False
Let m(g) = g**2 - 10*g - 9. Let f be m(11). Let i(c) = 25*c**2 - c + 6 - 3 - 24*c**f. Is i(6) composite?
True
Suppose 0 = b - 217 + 72. Is b prime?
False
Let c(t) = 2*t - 9. Let d(n) = -n + 5. Let h(r) = 6*c(r) + 11*d(r). Let i be h(-4). Is 63/((-9)/i) + -2 composite?
False
Suppose 2*k = -10, -4*k + 3*k + 1440 = 5*n. Is n a prime number?
False
Let k(a) be the second derivative of 11*a**2 + 1/6*a**3 - a + 0. Is k(0) composite?
True
Is (-25 + 36)/((-256)/(-254) + -1) a composite number?
True
Suppose -4*a = 4*f - 40, 2*f + 22 = -3*a + 4*a. Is a a composite number?
True
Let j(v) = 14*v**2 - 3 + 4*v + v**2 + 6*v**2. Let c be 3/2 - 5/(-10). Is j(c) a composite number?
False
Is 152 + 1 + (-7 - -3) composite?
False
Suppose -3*b + 2 = -7. Suppose -2*g - 63 = b*x - 166, 30 = x + 5*g. Is x a composite number?
True
Let p(z) = -z**3 - 6*z**2 - 5*z + 1. Let f be p(-5). Let y = 21 - 1. Let q = f + y. Is q prime?
False
Let h(p) = -4*p - 7. Let f be (-2)/(-9) + (-332)/36. Let c = f - -4. Is h(c) a composite number?
False
Let m(s) = s**2 + s + 26. Let l be m(0). Let i = 45 - l. Is i composite?
False
Let o(v) = -29*v**2 - v + 2. Let n be o(-4). Let i = n + 1387. Suppose -3*b + 4*q + i = 0, 399 = 4*b + q - 827. Is b a composite number?
False
Let m(l) = 11*l**3 + 38*l**2 + 28*l + 26. Let d(q) = -7*q**3 - 25*q**2 - 19*q - 17. Let k(w) = 8*d(w) + 5*m(w). Is k(-9) prime?
False
Is ((-149)/3*-5)/((-19)/(-57)) composite?
True
Let f be 438/9 - 8/(-24). Let d = 164 - f. Is d a composite number?
True
Is 1*17014/4 + (-2)/4 a composite number?
False
Let o = 9 - 5. Suppose -7 = -o*z + 5. Suppose -3*h = -4*g - 59, -h - 6*g + z*g = 2. Is h composite?
False
Let s(p) = -21*p + 4. Let q = -9 + 17. Let h(z) = -z**3 + 8*z**2 - 3. Let g be h(q). Is s(g) composite?
False
Let d(l) = 6*l**2 - 9*l - 4. Is d(-5) a prime number?
True
Suppose -5*o - 713 = -4*p - 0*p, -2*o = p - 162. Suppose i - 207 = -4*v, p = 3*i + 2*v - 409. Is i a prime number?
True
Let p(r) = -4 + 2*r**2 - 4*r**3 + 3 - 15*r**3. Let n be p(1). Let w = 33 + n. Is w composite?
True
Is (3/(-2))/((-18)/1884) a composite number?
False
Let j be (-1 - -4)*1*1. Let l(c) = -j - 8 + 9*c + 1. Is l(7) composite?
False
Let k be 394/(-3) - (-2)/(-3). Let r be 12/(-3)*k/8. Let w = r + -33. Is w composite?
True
Suppose 4*j - 109 = -q, -3*q + 121 + 206 = -4*j. Is q composite?
False
Suppose -3*a = -w + 3*w - 2103, 0 = 3*w + 3*a - 3162. Is w a composite number?
True
Let k(n) = 3*n - 13. Let b(a) = -2*a + 9. Let h(d) = 7*b(d) + 5*k(d). Let s be h(-3). Let y(f) = -f**3 + 7*f + 1. Is y(s) composite?
True
Let g(m) = 107*m**2 + 1. Let z be g(1). Suppose 5*x = -z - 2. Let h = x + 32. Is h a composite number?
True
Suppose -5*p + 2*w + 1185 = 0, 4*p + 0*w = 4*w + 948. Is p prime?
False
Let l(y) = 515*y - 1. Let p be l(1). Suppose 2*g = -0*g + p. Is g a prime number?
True
Suppose -5*y + 60 = t, 3*y - 5 = -2*y. Is t composite?
True
Suppose 2*h + 4*q = h + 6635, 0 = 2*h - 5*q - 13270. Is h composite?
True
Suppose 2*h - 3*q = 9, 2*h - 5*q + 73 = 6*h. Let f(u) = -u**3 + 12*u**2 + 10*u + 14. Is f(h) a composite number?
True
Let x(f) = f**2 + 8*f. Let i be x(-10). Is 288/i + 4/(-10) a composite number?
True
Suppose 3*j - 7*j = -8. Let p(y) = -2*y + 5*y**j + 3*y**3 - 5 - y + 4. Is p(4) composite?
True
Let z = -2637 + 4766. Is z prime?
True
Let r(h) = -3 + 1 - 9*h**2 - h**3 + 14*h + 1. Is r(-11) composite?
True
Let c be (-6)/4 - (-1)/(-2). Is (c/6)/(1/(-447)) a prime number?
True
Suppose 0 = -10*u - 5*u + 3810. Is u a prime number?
False
Let j = 951 + -578. Is j a composite number?
False
Let q(i) = -39*i - 61. Is q(-12) a composite number?
True
Let n = -334 + 3497. Is n prime?
True
Let k = -23 - -36. Suppose 0 = 4*n - 77 - 99. Let t = n - k. Is t prime?
True
Suppose 3 = 5*l - 12. Suppose l*d - 427 = -121. Suppose 4*t - 251 = 5*u, 3*t = 3*u + 90 + d. Is t a composite number?
True
Suppose -3*c = 2*c + 235. Let j = 116 - c. Is j composite?
False
Suppose 0*q - 8*q = -3128. Is q a prime number?
False
Let k(d) = -d + 8. Let l be k(10). Suppose 0 = i + 5*g + 19, -4*i + 6*g - 100 = 2*g. Is (-117)/i*l*-4 a composite number?
True
Let o be (-3)/(-9)*6*1. Suppose -2*r - o*r = -520. Suppose c = 6*c - r. Is c composite?
True
Let b be 126/12*2/3. Suppose 3*g + b = 25. Suppose k + 584 = g*k + 3*n, n = -5*k + 578. Is k a composite number?
True
Let s(j) = -2*j**3 + 4*j + 3. Let t be s(4). Let l = -72 - t. Is l composite?
False
Let j be 3 + -2 + 0 + 4